{"id":248,"date":"2023-01-22T17:11:44","date_gmt":"2023-01-22T17:11:44","guid":{"rendered":"https:\/\/atomtattoo.nl\/?page_id=248"},"modified":"2025-07-09T16:08:49","modified_gmt":"2025-07-09T16:08:49","slug":"regulamin","status":"publish","type":"page","link":"https:\/\/atomtattoo.nl\/index.php\/regulamin\/","title":{"rendered":"regulamin"},"content":{"rendered":"\n<div id=\"gspb_container-id-gsbp-2e21e025-40bb\" class=\"gspb_container gspb_container-gsbp-2e21e025-40bb wp-block-greenshift-blocks-container\">\n<h2 id=\"gspb_heading-id-gsbp-488ff004-d8cd\" class=\"gspb_heading gspb_heading-id-gsbp-488ff004-d8cd \" data-aos=\"flip-up\" data-aos-easing=\"ease\" data-aos-duration=\"700\" data-aos-once=\"true\">Regulamin studia Atom Tattoo Art<\/h2>\n<\/div>\n\n\n\n<div id=\"gspb_text-id-gsbp-272d45c4-ddf0\" class=\"gspb_text gspb_text-id-gsbp-272d45c4-ddf0 \"><strong>I. Informacje og\u00f3lne<\/strong><br><br>Klient zobowi\u0105zany jest do zapoznania si\u0119 z niniejszym regulaminem przed wykonaniem us\u0142ugi.<br>Studio wykonuje us\u0142ugi wy\u0142\u0105cznie osobom pe\u0142noletnim lub osobom, kt\u00f3re uko\u0144czy\u0142y 16 lat, za zgod\u0105 pisemn\u0105 i osobist\u0105 obecno\u015bci\u0105 opiekuna prawnego.<br>Studio zapewnia pe\u0142n\u0105 sterylno\u015b\u0107 narz\u0119dzi u\u017cywanych podczas zabieg\u00f3w.<br>Studio zastrzega sobie prawo do odmowy wykonania us\u0142ugi osobom:<br><br>b\u0119d\u0105cym pod wp\u0142ywem alkoholu, narkotyk\u00f3w lub \u015brodk\u00f3w psychoaktywnych,<br>nadmiernie opalonym w miejscu planowanego tatua\u017cu,<br>naruszaj\u0105cym zasady regulaminu.<br><br><br><strong>II. Zasady zachowania w studiu<\/strong><br><br>Obowi\u0105zuje bezwzgl\u0119dny zakaz dotykania sprz\u0119tu, narz\u0119dzi oraz materia\u0142\u00f3w pomocniczych.<br>Naruszenie zasad mo\u017ce skutkowa\u0107 przerwaniem sesji, konieczno\u015bci\u0105 jej prze\u0142o\u017cenia lub trwa\u0142ym zako\u0144czeniem wsp\u00f3\u0142pracy.<br>Obowi\u0105zuje zakaz przyprowadzania dzieci. Dopuszczalna jest obecno\u015b\u0107 jednej osoby towarzysz\u0105cej, po wcze\u015bniejszym zg\u0142oszeniu. Brak zg\u0142oszenia = utrata zadatku.<br><br><br><strong>III. Rezerwacje i zadatki<\/strong><br><br>Rezerwacja mo\u017ce nast\u0105pi\u0107 osobi\u015bcie, mailowo lub przez fanpage<br>Zadatek wynosi:<br><br>50 \u20ac za ma\u0142y tatua\u017c (dni robocze),<br>100 \u20ac za wi\u0119kszy tatua\u017c (dni robocze),<br>dwukrotno\u015b\u0107 powy\u017cszych kwot w przypadku termin\u00f3w weekendowych.<br><br>Studio zastrzega sobie prawo do indywidualnego ustalenia wy\u017cszej kwoty zadatku w przypadku:<br><br>projekt\u00f3w du\u017cych (np. po\u0142owa r\u0119kawa, po\u0142owa nogawki),<br>tatua\u017cy typu cover-up (zakrywanie).<br><br>Zadatek nale\u017cy wp\u0142aci\u0107 w ci\u0105gu 24 godzin od ustalenia terminu. Brak wp\u0142aty = anulowanie rezerwacji.<br>Wp\u0142ata zadatku oznacza:<br><br>akceptacj\u0119 regulaminu,<br>zgod\u0119 na publikacj\u0119 zdj\u0119cia tatua\u017cu w portfolio studia.<br><br>Zadatek jest bezzwrotny.<br>Prze\u0142o\u017cenie terminu mo\u017cliwe jest jednokrotnie, najp\u00f3\u017aniej 7 dni przed planowan\u0105 sesj\u0105. Ka\u017cda kolejna zmiana = utrata zadatku.<br>Zadatek przepada w przypadku nieobecno\u015bci bez powiadomienia min. 7 dni przed.<br><br>Studio mo\u017ce odm\u00f3wi\u0107 realizacji kolejnej sesji po dwukrotnym niepojawieniu si\u0119 klienta.<br><br><br><strong>IV. Dane osobowe<\/strong><br><br><br>Klient podaje prawdziwe dane: imi\u0119, nazwisko, adres e-mail i numer telefonu.<br>Dane przetwarzane s\u0105 wy\u0142\u0105cznie w celach kontaktu i obs\u0142ugi rezerwacji, zgodnie z przepisami o ochronie danych osobowych obowi\u0105zuj\u0105cymi na terenie Unii Europejskiej (RODO\/GDPR).<br>Przes\u0142anie danych oznacza zgod\u0119 na ich przetwarzanie przez studio Atom Tattoo Art.<br><br><br><strong>V. Konsultacje i projekty<\/strong><br><br>Studio nie wysy\u0142a projekt\u00f3w online. Projekt powstaje najwcze\u015bniej w dniu sesji.<br>W przypadku cover-up\u00f3w wymagane s\u0105 zdj\u0119cia istniej\u0105cego tatua\u017cu.<br>Konsultacje s\u0105 odp\u0142atne. Ich koszt odliczany jest od zadatku w przypadku rezerwacji.<br>Na ewentualne korekty projektu przewidziana jest maksymalnie <strong>jedna godzina<\/strong> w dniu sesji.<br>Je\u015bli w tym czasie nie zostanie osi\u0105gni\u0119te porozumienie co do ostatecznego wygl\u0105du projektu,<br><strong>sesja zostaje anulowana, a zadatek przepada.<\/strong><br><br><br><strong>VI. Przebieg sesji<\/strong><br><br>Sp\u00f3\u017anienie do 30 minut jest akceptowane. Po tym czasie studio mo\u017ce odm\u00f3wi\u0107 wykonania tatua\u017cu.<br>Studio nie wyra\u017ca zgody na u\u017cycie ma\u015bci znieczulaj\u0105cych przez klienta.<br>Tatua\u017c wykonany w studio mo\u017ce wymaga\u0107 konsultacji kontrolnej (poniedzia\u0142ek lub \u015broda).<br>Darmowe poprawki:<br><br>tylko po konsultacji maks. 4 tygodnie po sesji,<br>nie dotycz\u0105: palc\u00f3w, d\u0142oni, st\u00f3p, \u0142okci, kolan.<br><br>Studio nie ponosi odpowiedzialno\u015bci za proces gojenia i efekty piel\u0119gnacji po stronie klienta.<br><br><br><strong>VII. Vouchery i karty podarunkowe<\/strong><br><br>Wa\u017cno\u015b\u0107 vouchera: 3 miesi\u0105ce od daty zakupu.<br>Po up\u0142ywie terminu voucher traci wa\u017cno\u015b\u0107.<br>Przeniesienie vouchera na inn\u0105 osob\u0119 wymaga zgody studia.<br>Minimalna kwota zakupu: 100 \u20ac.<br>Voucher nie podlega zwrotowi ani wymianie na got\u00f3wk\u0119.<br>Voucher uznawany jest za zadatek po ustaleniu terminu.<br>Nieprzybycie na sesj\u0119 lub brak powiadomienia min. 7 dni przed = utrata vouchera.<br>Termin z vouchera mo\u017cna prze\u0142o\u017cy\u0107 tylko jednokrotnie.<br>Brak mo\u017cliwo\u015bci podzia\u0142u vouchera na cz\u0119\u015bci.<br><br><br><strong>VIII. Postanowienia ko\u0144cowe<\/strong><br><br>Studio zastrzega sobie prawo do odmowy wykonania us\u0142ugi bez podania przyczyny.<br>W takim przypadku studio zwraca zadatek lub podaje przyczyn\u0119 zachowania zadatku (np. klient pod wp\u0142ywem \u015brodk\u00f3w odurzaj\u0105cych).<br>Klient zobowi\u0105zany jest do przestrzegania niniejszego regulaminu.<\/div>\n\n\n\n<div style=\"height:100px\" aria-hidden=\"true\" class=\"wp-block-spacer\"><\/div>\n","protected":false},"excerpt":{"rendered":"","protected":false},"author":1,"featured_media":0,"parent":0,"menu_order":0,"comment_status":"closed","ping_status":"closed","template":"","meta":{"_gspb_post_css":"#gspb_heading-id-gsbp-488ff004-d8cd{transition-duration:.7s;transition-timing-function:ease;backface-visibility:hidden;transition-property:opacity,transform;opacity:0;transform:perspective(2500px) rotateX(-60deg) translate3d(0,30px,0)}#gspb_heading-id-gsbp-488ff004-d8cd.aos-animate,#gspb_heading-id-gsbp-488ff004-d8cd[data-gs-aos]{transform:perspective(2500px) rotateX(0) translateZ(0);opacity:1}#gspb_container-id-gsbp-2e21e025-40bb.gspb_container{position:relative;flex-direction:column;box-sizing:border-box}#gspb_container-id-gsbp-2e21e025-40bb.gspb_container .gspb_container__content{margin:auto}#gspb_container-id-gsbp-2e21e025-40bb.gspb_container>p:last-of-type{margin-bottom:0}#gspb_container-id-gsbp-2e21e025-40bb.gspb_container,#gspb_container-id-gsbp-2e21e025-40bb.gspb_container .wp-block{color:var(--paletteColor7, #FAFBFC)}#gspb_container-id-gsbp-2e21e025-40bb.gspb_container{margin-top:180px;margin-bottom:80px}","_eb_attr":""},"blocksy_meta":{"styles_descriptor":{"styles":{"desktop":"","tablet":"","mobile":""},"google_fonts":[],"version":5}},"yoast_head":"<!-- This site is optimized with the Yoast SEO plugin v20.0 - https:\/\/yoast.com\/wordpress\/plugins\/seo\/ -->\n<title>regulamin - atomtattoo.nl<\/title>\n<meta name=\"robots\" content=\"index, follow, max-snippet:-1, max-image-preview:large, max-video-preview:-1\" \/>\n<link rel=\"canonical\" href=\"https:\/\/atomtattoo.nl\/index.php\/regulamin\/\" \/>\n<meta property=\"og:locale\" content=\"en_US\" \/>\n<meta property=\"og:type\" content=\"article\" \/>\n<meta property=\"og:title\" content=\"regulamin - atomtattoo.nl\" \/>\n<meta property=\"og:url\" content=\"https:\/\/atomtattoo.nl\/index.php\/regulamin\/\" \/>\n<meta property=\"og:site_name\" content=\"atomtattoo.nl\" \/>\n<meta property=\"article:publisher\" content=\"https:\/\/www.facebook.com\/ATOMTATTOOART\" \/>\n<meta property=\"article:modified_time\" content=\"2025-07-09T16:08:49+00:00\" \/>\n<meta property=\"og:image\" content=\"https:\/\/atomtattoo.nl\/wp-content\/uploads\/2023\/01\/ATOM_LOGO_OST_100x100-scaled.jpg\" \/>\n\t<meta property=\"og:image:width\" content=\"2560\" \/>\n\t<meta property=\"og:image:height\" content=\"2560\" \/>\n\t<meta property=\"og:image:type\" content=\"image\/jpeg\" \/>\n<meta name=\"twitter:card\" content=\"summary_large_image\" \/>\n<meta name=\"twitter:label1\" content=\"Est. reading time\" \/>\n\t<meta name=\"twitter:data1\" content=\"3 minutes\" \/>\n<script type=\"application\/ld+json\" class=\"yoast-schema-graph\">{\"@context\":\"https:\/\/schema.org\",\"@graph\":[{\"@type\":\"WebPage\",\"@id\":\"https:\/\/atomtattoo.nl\/index.php\/regulamin\/\",\"url\":\"https:\/\/atomtattoo.nl\/index.php\/regulamin\/\",\"name\":\"regulamin - atomtattoo.nl\",\"isPartOf\":{\"@id\":\"https:\/\/atomtattoo.nl\/#website\"},\"datePublished\":\"2023-01-22T17:11:44+00:00\",\"dateModified\":\"2025-07-09T16:08:49+00:00\",\"breadcrumb\":{\"@id\":\"https:\/\/atomtattoo.nl\/index.php\/regulamin\/#breadcrumb\"},\"inLanguage\":\"en-US\",\"potentialAction\":[{\"@type\":\"ReadAction\",\"target\":[\"https:\/\/atomtattoo.nl\/index.php\/regulamin\/\"]}]},{\"@type\":\"BreadcrumbList\",\"@id\":\"https:\/\/atomtattoo.nl\/index.php\/regulamin\/#breadcrumb\",\"itemListElement\":[{\"@type\":\"ListItem\",\"position\":1,\"name\":\"Home\",\"item\":\"https:\/\/atomtattoo.nl\/\"},{\"@type\":\"ListItem\",\"position\":2,\"name\":\"regulamin\"}]},{\"@type\":\"WebSite\",\"@id\":\"https:\/\/atomtattoo.nl\/#website\",\"url\":\"https:\/\/atomtattoo.nl\/\",\"name\":\"Atom Tattoo\",\"description\":\"\",\"publisher\":{\"@id\":\"https:\/\/atomtattoo.nl\/#organization\"},\"potentialAction\":[{\"@type\":\"SearchAction\",\"target\":{\"@type\":\"EntryPoint\",\"urlTemplate\":\"https:\/\/atomtattoo.nl\/?s={search_term_string}\"},\"query-input\":\"required name=search_term_string\"}],\"inLanguage\":\"en-US\"},{\"@type\":\"Organization\",\"@id\":\"https:\/\/atomtattoo.nl\/#organization\",\"name\":\"Atom Tattoo\",\"url\":\"https:\/\/atomtattoo.nl\/\",\"logo\":{\"@type\":\"ImageObject\",\"inLanguage\":\"en-US\",\"@id\":\"https:\/\/atomtattoo.nl\/#\/schema\/logo\/image\/\",\"url\":\"https:\/\/atomtattoo.nl\/wp-content\/uploads\/2023\/01\/rounded-1024x1024.png\",\"contentUrl\":\"https:\/\/atomtattoo.nl\/wp-content\/uploads\/2023\/01\/rounded-1024x1024.png\",\"width\":1024,\"height\":1024,\"caption\":\"Atom Tattoo\"},\"image\":{\"@id\":\"https:\/\/atomtattoo.nl\/#\/schema\/logo\/image\/\"},\"sameAs\":[\"https:\/\/www.instagram.com\/atom_tattoo_art\/\",\"https:\/\/www.facebook.com\/ATOMTATTOOART\"]}]}<\/script>\n<!-- \/ Yoast SEO plugin. -->","yoast_head_json":{"title":"regulamin - atomtattoo.nl","robots":{"index":"index","follow":"follow","max-snippet":"max-snippet:-1","max-image-preview":"max-image-preview:large","max-video-preview":"max-video-preview:-1"},"canonical":"https:\/\/atomtattoo.nl\/index.php\/regulamin\/","og_locale":"en_US","og_type":"article","og_title":"regulamin - atomtattoo.nl","og_url":"https:\/\/atomtattoo.nl\/index.php\/regulamin\/","og_site_name":"atomtattoo.nl","article_publisher":"https:\/\/www.facebook.com\/ATOMTATTOOART","article_modified_time":"2025-07-09T16:08:49+00:00","og_image":[{"width":2560,"height":2560,"url":"https:\/\/atomtattoo.nl\/wp-content\/uploads\/2023\/01\/ATOM_LOGO_OST_100x100-scaled.jpg","type":"image\/jpeg"}],"twitter_card":"summary_large_image","twitter_misc":{"Est. reading time":"3 minutes"},"schema":{"@context":"https:\/\/schema.org","@graph":[{"@type":"WebPage","@id":"https:\/\/atomtattoo.nl\/index.php\/regulamin\/","url":"https:\/\/atomtattoo.nl\/index.php\/regulamin\/","name":"regulamin - atomtattoo.nl","isPartOf":{"@id":"https:\/\/atomtattoo.nl\/#website"},"datePublished":"2023-01-22T17:11:44+00:00","dateModified":"2025-07-09T16:08:49+00:00","breadcrumb":{"@id":"https:\/\/atomtattoo.nl\/index.php\/regulamin\/#breadcrumb"},"inLanguage":"en-US","potentialAction":[{"@type":"ReadAction","target":["https:\/\/atomtattoo.nl\/index.php\/regulamin\/"]}]},{"@type":"BreadcrumbList","@id":"https:\/\/atomtattoo.nl\/index.php\/regulamin\/#breadcrumb","itemListElement":[{"@type":"ListItem","position":1,"name":"Home","item":"https:\/\/atomtattoo.nl\/"},{"@type":"ListItem","position":2,"name":"regulamin"}]},{"@type":"WebSite","@id":"https:\/\/atomtattoo.nl\/#website","url":"https:\/\/atomtattoo.nl\/","name":"Atom Tattoo","description":"","publisher":{"@id":"https:\/\/atomtattoo.nl\/#organization"},"potentialAction":[{"@type":"SearchAction","target":{"@type":"EntryPoint","urlTemplate":"https:\/\/atomtattoo.nl\/?s={search_term_string}"},"query-input":"required name=search_term_string"}],"inLanguage":"en-US"},{"@type":"Organization","@id":"https:\/\/atomtattoo.nl\/#organization","name":"Atom Tattoo","url":"https:\/\/atomtattoo.nl\/","logo":{"@type":"ImageObject","inLanguage":"en-US","@id":"https:\/\/atomtattoo.nl\/#\/schema\/logo\/image\/","url":"https:\/\/atomtattoo.nl\/wp-content\/uploads\/2023\/01\/rounded-1024x1024.png","contentUrl":"https:\/\/atomtattoo.nl\/wp-content\/uploads\/2023\/01\/rounded-1024x1024.png","width":1024,"height":1024,"caption":"Atom Tattoo"},"image":{"@id":"https:\/\/atomtattoo.nl\/#\/schema\/logo\/image\/"},"sameAs":["https:\/\/www.instagram.com\/atom_tattoo_art\/","https:\/\/www.facebook.com\/ATOMTATTOOART"]}]}},"_links":{"self":[{"href":"https:\/\/atomtattoo.nl\/index.php\/wp-json\/wp\/v2\/pages\/248"}],"collection":[{"href":"https:\/\/atomtattoo.nl\/index.php\/wp-json\/wp\/v2\/pages"}],"about":[{"href":"https:\/\/atomtattoo.nl\/index.php\/wp-json\/wp\/v2\/types\/page"}],"author":[{"embeddable":true,"href":"https:\/\/atomtattoo.nl\/index.php\/wp-json\/wp\/v2\/users\/1"}],"replies":[{"embeddable":true,"href":"https:\/\/atomtattoo.nl\/index.php\/wp-json\/wp\/v2\/comments?post=248"}],"version-history":[{"count":22,"href":"https:\/\/atomtattoo.nl\/index.php\/wp-json\/wp\/v2\/pages\/248\/revisions"}],"predecessor-version":[{"id":328,"href":"https:\/\/atomtattoo.nl\/index.php\/wp-json\/wp\/v2\/pages\/248\/revisions\/328"}],"wp:attachment":[{"href":"https:\/\/atomtattoo.nl\/index.php\/wp-json\/wp\/v2\/media?parent=248"}],"curies":[{"name":"wp","href":"https:\/\/api.w.org\/{rel}","templated":true}]}}